 when i(-17) is divided by 31.
17
Let w = 182 + 19. What is the remainder when w is divided by 41?
37
Let o(c) = -c**2 - 19*c + 2. Let s be o(-19). Suppose d - 233 = -s*m, -3*m - 2*d + 351 = -0*d. Calculate the remainder when m is divided by 29.
28
Let w(u) = u - 14. Let p be w(-12). Let m = 30 + p. Suppose -2*d + d = -m*a + 78, 5*a = -3*d + 89. What is the remainder when a is divided by 11?
8
Let i(p) = 49*p - 9. What is the remainder when i(6) is divided by (574/(-294)*-6)/((-4)/(-14))?
39
Let o = -4 - -114. Suppose -2*l - 10 = -v, -5*l = -4*v - v + 55. Calculate the remainder when 3/(-18) + o/v is divided by 5.
4
Suppose -2*c = -5*c + 12. Suppose 0 = -u + 2*s + 27, u - s = 2*s + 29. Calculate the remainder when u is divided by c.
3
Let r(p) = p**3 + 12*p**2 + p + 17. Let t be r(-12). Let v = 6 + t. What is the remainder when 31 is divided by v?
9
Calculate the remainder when (-2)/(-4)*-392*3/(-6) is divided by 10.
8
Let r = -1099 + 1224. Calculate the remainder when r is divided by 33.
26
Let d = -20 - -31. What is the remainder when (2/3)/(4/258) is divided by d?
10
Suppose z - 287 = -4*u - 0*z, -3*u - 4*z + 212 = 0. What is the remainder when u is divided by 18 + 6/3*(1 + 0)?
12
Let f = -161 + 203. Calculate the remainder when 503 is divided by f.
41
Let y(b) = 2*b**3 + 87*b**2 + 37*b - 96. What is the remainder when y(-43) is divided by 17?
9
What is the remainder when 181 is divided by (5 - 2 - 5)*-13?
25
Let l be 11/4 + 5/20. Suppose -10 = l*t + 2*t. What is the remainder when (1/t)/(1/(-140)) is divided by 24?
22
Suppose 5*n - 34 + 14 = 0. Suppose 2*l + 19 = -3*s - 59, -n*l - 130 = 5*s. What is the remainder when 220/14 + s/(-91) is divided by 9?
7
Suppose -478 = -6*s + 86. What is the remainder when s is divided by 41?
12
Let j(f) = -6*f + 1. Let a be j(1). Let k = a + 30. Calculate the remainder when k is divided by 7.
4
Let q be (0 - 9)/((-12)/8). Suppose 3*k + 0*k = q. Suppose -2*b = -30 + k. What is the remainder when b is divided by 8?
6
Suppose -16 = -4*t, 9*k + t + 48 = 11*k. Calculate the remainder when k is divided by 7.
5
Suppose -2*l - 2 + 1 = h, l + 23 = -5*h. What is the remainder when l is divided by 1?
0
Suppose -3*s = 5*g - 41, 5*g - 63 = -4*s - 20. Let l = g + -5. Let x(m) = 71*m + 76. Calculate the remainder when x(-1) is divided by l.
1
Suppose 0 = 4*u - 500 - 500. Suppose -2*i + 7*i = u. What is the remainder when i is divided by 18?
14
Suppose -88*b = -93*b - 3*k + 401, -5*b = -k - 393. Let g = -8 - -35. What is the remainder when b is divided by g?
25
Let a(n) = -n**2 + 8*n + 19. Calculate the remainder when 155 is divided by a(4).
15
Suppose 9*m - 238 = -5*m. Calculate the remainder when 538 is divided by m.
11
Let i(s) = -s**3 + 21*s**2 + 26*s - 41. Calculate the remainder when i(22) is divided by 36.
11
Let m be (0 + 2)*(4 + 7). Let c = 49 - m. Calculate the remainder when c is divided by 14.
13
Let y(q) = -14*q - 113. Calculate the remainder when y(-12) is divided by 29.
26
Suppose -3*d - 117 = 2*p, -6*p = -3*d - 2*p - 99. Let g = d - -120. What is the remainder when g is divided by 50/3 - 8/(-24)?
15
Suppose 5*p - 685 = -4*t, 2*p - 391 + 117 = -t. Suppose 0 = -5*w + 5*o + 33 + 97, -3*o + 6 = 0. What is the remainder when p is divided by w?
25
What is the remainder when 70 is divided by 404/28 - 8/(168/9)?
0
Suppose 4*p + 15 = -2*m - 5, -p + 1 = -m. Let f(o) = 12*o**2 + 4*o - 4. Calculate the remainder when f(p) is divided by 25.
17
Suppose 13*z = -93 - 50. Suppose -2*p + 0*p - 36 = 0. Let f = z - p. Calculate the remainder when 27 is divided by f.
6
Let d(h) = h**3 - 10*h**2 + 19*h - 4. Calculate the remainder when 177 is divided by d(8).
17
Suppose 3*f + 2*s + 8 = 83, -4*f + 95 = s. Suppose 85 = 3*u + k, 0 = -2*u + k + f + 27. Let y = u + -24. Calculate the remainder when 5 is divided by y.
2
Let g(t) = -t**3 + 5*t**2 + 2*t - 1. Let q be 84/21 + -6 + 1. What is the remainder when g(5) is divided by (4/(-5))/(17/(-15) - q)?
3
Let d = -98 - -92. What is the remainder when (-312)/(-30) + d/15 is divided by 6?
4
Suppose 0 = -2*y + 3*b + 209, -109 = -3*y - 4*b + 196. What is the remainder when y is divided by 26?
25
Suppose -4*g - 118 = -5*k - 2*g, 2*k + 4*g - 28 = 0. Let u(j) = -j**2 - 4*j + 85. Suppose -7*a + 8*a = 0. Calculate the remainder when u(a) is divided by k.
19
Let c(s) = 4*s - 3. Let u be c(3). Let y = u + -3. Suppose -15 = -5*l + 90. Calculate the remainder when l is divided by y.
3
Let k(v) = v**3 - 7*v**2 - 8*v + 2. Let f be k(8). Let j = 19 + f. What is the remainder when j is divided by 8?
5
Suppose 0 = 2*g + 1 - 7. Calculate the remainder when g - (-5*2 + 0) is divided by 4.
1
Let b(a) = -2*a - 43. Suppose 0 = -5*y + 3*y, 5*q - 5*y - 15 = 0. What is the remainder when b(-27) is divided by q?
2
Let u = -55 - -80. Suppose -r - 3*b + 2 = -1, 5*b - u = -5*r. Let t = 5 - 3. Calculate the remainder when r is divided by t.
0
Suppose 41*k = 15*k + 546. Suppose 3*f = 94 + 86. What is the remainder when f is divided by k?
18
Let d = -27 - -63. Let k(o) = 2*o**3 - 10*o**2 - 9*o - 28. What is the remainder when k(7) is divided by d?
33
Suppose -2*z = -5*z + 261. Calculate the remainder when z is divided by 51.
36
Let i be 20/(-50) - (-17)/5. Suppose 3*s - 26 = 5*a + 68, s = -i*a + 36. Calculate the remainder when s is divided by 10.
3
Let i(v) = v**3 - 61*v**2 + 232*v - 45. Calculate the remainder when i(57) is divided by 58.
9
Suppose 2*q - 6 - 6 = 0. Calculate the remainder when (-27)/18 + (-150)/(-4) is divided by (-2)/q*(-39)/1.
10
Calculate the remainder when (-8)/36 + 686/9 is divided by 11.
10
Suppose -3*g + 4*g = 2. Suppose -f + 24 = -g. Suppose 2*n - 14 = -2*v, -2*n - v + 10 = -6. Calculate the remainder when f is divided by n.
8
Let o(m) = -m**2 + 10*m + 16. Suppose -256 = 18*z - 22*z. Calculate the remainder when z is divided by o(9).
14
Let h(s) = -12*s. Let z be h(-3). Suppose 3*f + 3*n - z = 0, -f = -2*f + 5*n. What is the remainder when 18 is divided by f?
8
Let y = -270 + 293. Calculate the remainder when y is divided by 9.
5
What is the remainder when 120 is divided by (-210)/(-9)*((-195)/10)/(-13)?
15
Suppose -k = 3*u + 163, -5*k + 28 = 3. Calculate the remainder when 47 is divided by 0 + (u + -4)/(-4).
2
Let h be ((-35)/(-10))/7*0. Suppose -2*w - 3*w - 65 = -4*x, h = 2*x + 4*w. Let m = 7 + -3. Calculate the remainder when x is divided by m.
2
Suppose -107*t + 129*t - 352 = 0. Calculate the remainder when 58 is divided by t.
10
Suppose 0 = -3*v - 2*p + p + 835, 2*v - 574 = -5*p. What is the remainder when v is divided by 35?
32
Let z = 1229 + -1211. What is the remainder when 88 is divided by z?
16
Let g(s) = -s**3 - 12*s**2 + 14*s + 44. Calculate the remainder when 126 is divided by g(-13).
2
Let w be (1 + (-326)/14)*-7. Suppose 9*y - w = 6*y. What is the remainder when y is divided by 14?
10
Suppose -2*c + 18 = -0*c. Let q(a) = 4 - 11 + 3*a + 5*a**2 + 6 + 0. What is the remainder when q(2) is divided by c?
7
Let u(a) = -2*a + 8*a + 8*a. What is the remainder when u(1) is divided by ((-216)/(-5 + -3))/3?
5
Let j(r) = -4*r**2. Let s be j(1). Suppose 143*b = 431 + 141. Calculate the remainder when -1 - 1 - 2*s is divided by b.
2
Suppose -3*k + 4*b = -1622, 5*k = 22*b - 18*b + 2698. What is the remainder when k is divided by 11?
10
Let r be (-23)/115*(-16 - -1). Suppose 5*o - r*w - 77 = 0, -4*w - 51 = -3*o - w. What is the remainder when 2/(-4) + 77/2 is divided by o?
12
Let w be (-10)/(-65) - (-1059)/(-39). Let z = 52 + w. What is the remainder when z is divided by 4?
1
Let h = 42 - 44. Let j = h - -5. Calculate the remainder when j is divided by -1*(-2)/(-6)*-6.
1
Let g(w) = -w**3 - 13*w**2 - 23. Let s be g(-13). Let u = s + 30. What is the remainder when 11 is divided by u?
4
Suppose 0 = -4*x - 4*r + 168, 0*x + 2*r = 2*x - 104. Calculate the remainder when x is divided by 28.
19
Let x = -3748 + 3794. Calculate the remainder when x is divided by 14/(-6)*(0 - 3).
4
Calculate the remainder when ((-39)/2)/(4 + (-59)/14) is divided by 6.
1
Let h = -1 + 3. Suppose -h*b = 2, 6*x + b = 3*x + 1319. Calculate the remainder when (-6)/5*x/(-16) is divided by 12.
9
Suppose 9*i - 7*i = -32. Let v = -22 - i. Calculate the remainder when (-9)/v*(-4 + 18) is divided by 6.
3
Let t = 4 + 0. Let s(x)